47557 and 1137?
1137
Calculate the greatest common divisor of 8427068 and 598.
26
Calculate the highest common divisor of 1584 and 8488986.
66
What is the greatest common divisor of 3898086 and 12020?
1202
What is the greatest common factor of 2009738250 and 702?
702
What is the highest common divisor of 147 and 638632337?
49
Calculate the greatest common factor of 4056531 and 1602.
267
What is the highest common divisor of 909505036 and 11?
11
Calculate the greatest common divisor of 2900 and 284532340.
580
Calculate the greatest common divisor of 27574 and 684484.
1622
What is the greatest common divisor of 4644 and 64445433?
129
What is the greatest common divisor of 27664574 and 12824?
3206
Calculate the greatest common divisor of 1108 and 92978374.
554
What is the highest common factor of 1436373 and 4102234?
5911
What is the highest common divisor of 5142099 and 4731?
249
What is the highest common factor of 291 and 116816712?
291
Calculate the highest common divisor of 3240347 and 60872.
1087
Calculate the greatest common divisor of 344442151 and 17.
17
What is the highest common factor of 1602800 and 10525?
25
Calculate the greatest common divisor of 1692774 and 1256.
314
What is the highest common factor of 20691 and 195380515?
2299
Calculate the greatest common factor of 1005905 and 35.
5
Calculate the greatest common factor of 3200 and 153830.
10
What is the highest common factor of 714 and 20245827?
357
What is the highest common factor of 744034818 and 170?
34
Calculate the greatest common factor of 4980 and 23220.
60
What is the greatest common factor of 550462 and 76373?
1441
Calculate the greatest common factor of 89026730 and 650.
130
What is the greatest common divisor of 1055 and 17830555?
1055
What is the highest common factor of 1695861 and 837?
9
Calculate the highest common divisor of 6752 and 466.
2
What is the highest common factor of 494116 and 5075?
7
Calculate the highest common factor of 30628 and 13855636.
2356
What is the greatest common divisor of 27256393 and 14992?
937
Calculate the greatest common factor of 4161 and 433401.
219
Calculate the highest common factor of 53836 and 1091744.
1252
Calculate the highest common divisor of 131897000 and 1040.
40
Calculate the greatest common factor of 332 and 1844509.
83
Calculate the highest common factor of 29733612 and 60.
12
Calculate the greatest common divisor of 227 and 854728094.
227
Calculate the highest common factor of 19317 and 1077663.
141
Calculate the greatest common divisor of 143102080 and 2048.
128
Calculate the greatest common divisor of 28128 and 12532782.
1758
Calculate the highest common divisor of 104400 and 391152.
1392
What is the greatest common divisor of 350 and 121150?
50
Calculate the greatest common divisor of 4120767 and 2025.
27
Calculate the highest common divisor of 767 and 247.
13
What is the greatest common factor of 508813 and 143735?
89
What is the highest common divisor of 55 and 36927671?
11
What is the highest common factor of 35972720 and 420?
140
What is the highest common divisor of 4508 and 457501142?
2254
What is the highest common factor of 653532800 and 9600?
3200
What is the greatest common factor of 130188 and 524?
4
What is the greatest common divisor of 426440 and 5464?
8
Calculate the greatest common divisor of 9 and 9987.
3
What is the highest common factor of 348084 and 10683?
9
Calculate the highest common divisor of 386617633 and 956.
239
What is the highest common divisor of 9 and 665354799?
9
Calculate the greatest common divisor of 156 and 8315196.
12
Calculate the greatest common divisor of 4868760 and 3120.
1560
Calculate the highest common factor of 78 and 5352555.
39
Calculate the greatest common divisor of 1016 and 333784.
8
What is the greatest common divisor of 123750 and 1352450?
550
Calculate the greatest common divisor of 28265 and 47377793.
5653
What is the greatest common divisor of 189736 and 5040824?
5128
What is the highest common factor of 227179 and 82479?
1447
What is the highest common divisor of 2656370 and 2163?
103
Calculate the greatest common factor of 2700675 and 8325.
225
What is the highest common factor of 171 and 2264292?
9
Calculate the greatest common factor of 27108275 and 46760.
835
Calculate the greatest common factor of 3 and 6333177.
3
What is the greatest common divisor of 85 and 1447145?
5
What is the highest common factor of 486232 and 536?
8
What is the greatest common factor of 8076530 and 19040?
1190
Calculate the greatest common factor of 7 and 108244.
1
What is the highest common divisor of 103 and 24831343?
103
What is the highest common divisor of 1130522 and 4?
2
What is the highest common divisor of 1098040 and 6984?
776
What is the highest common divisor of 102061261 and 791?
113
What is the highest common divisor of 1004 and 2059636?
4
What is the highest common divisor of 247876 and 344348?
124
What is the highest common factor of 67346203 and 513?
19
Calculate the highest common factor of 573334 and 19590.
1306
What is the greatest common divisor of 36179 and 2091298?
253
What is the highest common divisor of 406273 and 63881?
127
What is the highest common factor of 3442 and 7638?
2
What is the highest common factor of 337876 and 18348?
44
Calculate the greatest common divisor of 18192 and 32442.
6
Calculate the highest common divisor of 1719917 and 6739.
23
Calculate the greatest common factor of 21472 and 27632512.
1952
Calculate the highest common divisor of 1601745 and 1305.
15
Calculate the highest common factor of 15 and 704388.
3
What is the greatest common factor of 123 and 277939?
41
Calculate the greatest common divisor of 1035844 and 3196.
68
What is the highest common divisor of 20604205 and 1035?
115
What is the highest common divisor of 2258300 and 2200?
1100
What is the highest common factor of 954856 and 15232?
952
What is the highest common divisor of 1979727 and 80981?
1723
What is the greatest common divisor of 65331 and 255?
51
What is the highest common divisor of 34615028 and 4986?
554
What is the greatest common divisor of 3240 and 2987940?
60
What is the highest common factor of 129929 and 1077460?
3169
Calculate the highest common divisor of 974753 and 47918.
1261
Calculate the greatest common factor of 3175630 and 1410.
10
Calculate the highest common factor of 39936 and 4993248.
1248
Calculate the greatest common factor of 1123432 and 1784784.
2888
What is the highest common divisor of 7630 and 18363230?
1090
What is the highest common factor of 45907 and 91611?
29
What is the greatest common divisor of 553 and 63532?
7
What is the highest common factor of 47152950 and 1950?
1950
What is the greatest common factor of 4815 and 33928095?
1605
What is the greatest common factor of 9594593 and 217?
31
What is the highest common divisor of 17568 and 1342368?
288
Calculate the highest common factor of 27420 and 490860.
60
Calculate the highest common factor of 189861 and 7539.
21
Calculate the greatest common divisor of 278898400 and 38950.
2050
What is the highest common divisor of 21130533 and 27?
9
What is the greatest common factor of 226 and 620260?
2
What is the greatest common divisor of 7525167 and 3768?
471
Calculate the highest common divisor of 10484424 and 648.
216
What is the highest common factor of 196987 and 279377?
749
Calculate the greatest common factor of 9775 and 31272525.
575
Calculate the greatest common factor of 32693612 and 9492.
3164
What is the highest common factor of 107926 and 326150?
1186
Calculate the highest common divisor of 53 and 15865921.
53
What is the greatest common factor of 4998 and 2357390?
1666
What is the highest common divisor of 9165795 and 690?
15
What is the greatest common factor of 266 and 147274456?
14
What is the greatest common factor of 10293898 and 638?
58
Calculate the highest common divisor of 2108 and 358428.
68
Calculate the greatest common divisor of 70 and 92270318.
14
Calculate the highest common divisor of 170 and 64325705.
85
What is the highest common factor of 820870 and 1935?
215
Calculate the highest common divisor of 48 and 2315652.
12
What is the highest common divisor of 222657531 and 837?
93
What is the highest common factor of 686 and 240296?
98
Calculate the